{"id":392,"date":"2024-07-05T12:46:25","date_gmt":"2024-07-05T12:46:25","guid":{"rendered":"https:\/\/prueba.mtapia.es\/?page_id=392"},"modified":"2025-10-22T11:39:02","modified_gmt":"2025-10-22T11:39:02","slug":"precocinados","status":"publish","type":"page","link":"https:\/\/prueba.mtapia.es\/index.php\/precocinados\/","title":{"rendered":"Precocinados"},"content":{"rendered":"\t\t<div data-elementor-type=\"wp-page\" data-elementor-id=\"392\" class=\"elementor elementor-392\">\n\t\t\t\t<div class=\"elementor-element elementor-element-cc13687 e-flex e-con-boxed e-con e-parent\" data-id=\"cc13687\" data-element_type=\"container\" data-e-type=\"container\">\n\t\t\t\t\t<div class=\"e-con-inner\">\n\t\t\t\t<div class=\"elementor-element elementor-element-84cef4a elementor-position-left elementor-vertical-align-top elementor-widget elementor-widget-image-box\" data-id=\"84cef4a\" data-element_type=\"widget\" data-e-type=\"widget\" data-widget_type=\"image-box.default\">\n\t\t\t\t<div class=\"elementor-widget-container\">\n\t\t\t\t\t<div class=\"elementor-image-box-wrapper\"><figure class=\"elementor-image-box-img\"><img fetchpriority=\"high\" decoding=\"async\" width=\"500\" height=\"500\" src=\"https:\/\/prueba.mtapia.es\/wp-content\/uploads\/2025\/10\/CHILE-CANVA.jpg\" class=\"attachment-full size-full wp-image-790\" alt=\"\" srcset=\"https:\/\/prueba.mtapia.es\/wp-content\/uploads\/2025\/10\/CHILE-CANVA.jpg 500w, https:\/\/prueba.mtapia.es\/wp-content\/uploads\/2025\/10\/CHILE-CANVA-300x300.jpg 300w, https:\/\/prueba.mtapia.es\/wp-content\/uploads\/2025\/10\/CHILE-CANVA-150x150.jpg 150w\" sizes=\"(max-width: 500px) 100vw, 500px\" \/><\/figure><div class=\"elementor-image-box-content\"><h3 class=\"elementor-image-box-title\">Chile con Carne<\/h3><p class=\"elementor-image-box-description\">Nuestro chile con carne combina carne de primera calidad\ncocida a fuego lento con una mezcla de especias y chiles\nseleccionados, realzada con tomate y frijoles para lograr un\nequilibrio perfecto entre sabor y textura. Ideal para disfrutar solo, con arroz, nachos o como relleno de burritos y\ntacos. \u00a1Un plato lleno de car\u00e1cter y delicioso picante!<\/p><\/div><\/div>\t\t\t\t<\/div>\n\t\t\t\t<\/div>\n\t\t\t\t\t<\/div>\n\t\t\t\t<\/div>\n\t\t<div class=\"elementor-element elementor-element-19ae806 e-flex e-con-boxed e-con e-parent\" data-id=\"19ae806\" data-element_type=\"container\" data-e-type=\"container\">\n\t\t\t\t\t<div class=\"e-con-inner\">\n\t\t\t\t<div class=\"elementor-element elementor-element-193e7a5 elementor-position-left elementor-vertical-align-top elementor-widget elementor-widget-image-box\" data-id=\"193e7a5\" data-element_type=\"widget\" data-e-type=\"widget\" data-widget_type=\"image-box.default\">\n\t\t\t\t<div class=\"elementor-widget-container\">\n\t\t\t\t\t<div class=\"elementor-image-box-wrapper\"><figure class=\"elementor-image-box-img\"><img decoding=\"async\" width=\"940\" height=\"788\" src=\"https:\/\/prueba.mtapia.es\/wp-content\/uploads\/2024\/04\/Burguer-pollo-Corn-Halal-Volatys.jpg\" class=\"attachment-full size-full wp-image-11\" alt=\"\" srcset=\"https:\/\/prueba.mtapia.es\/wp-content\/uploads\/2024\/04\/Burguer-pollo-Corn-Halal-Volatys.jpg 940w, https:\/\/prueba.mtapia.es\/wp-content\/uploads\/2024\/04\/Burguer-pollo-Corn-Halal-Volatys-300x251.jpg 300w, https:\/\/prueba.mtapia.es\/wp-content\/uploads\/2024\/04\/Burguer-pollo-Corn-Halal-Volatys-768x644.jpg 768w\" sizes=\"(max-width: 940px) 100vw, 940px\" \/><\/figure><div class=\"elementor-image-box-content\"><h3 class=\"elementor-image-box-title\">Burguer Pollo Corn Halal Volatys <\/h3><p class=\"elementor-image-box-description\">Cajas 5x1kg<\/p><\/div><\/div>\t\t\t\t<\/div>\n\t\t\t\t<\/div>\n\t\t\t\t\t<\/div>\n\t\t\t\t<\/div>\n\t\t<div class=\"elementor-element elementor-element-0323085 e-flex e-con-boxed e-con e-parent\" data-id=\"0323085\" data-element_type=\"container\" data-e-type=\"container\">\n\t\t\t\t\t<div class=\"e-con-inner\">\n\t\t\t\t<div class=\"elementor-element elementor-element-f013429 elementor-position-left elementor-vertical-align-top elementor-widget elementor-widget-image-box\" data-id=\"f013429\" data-element_type=\"widget\" data-e-type=\"widget\" data-widget_type=\"image-box.default\">\n\t\t\t\t<div class=\"elementor-widget-container\">\n\t\t\t\t\t<div class=\"elementor-image-box-wrapper\"><figure class=\"elementor-image-box-img\"><img decoding=\"async\" width=\"773\" height=\"728\" src=\"https:\/\/prueba.mtapia.es\/wp-content\/uploads\/2025\/04\/La-del-Corral.jpg\" class=\"attachment-full size-full wp-image-625\" alt=\"\" srcset=\"https:\/\/prueba.mtapia.es\/wp-content\/uploads\/2025\/04\/La-del-Corral.jpg 773w, https:\/\/prueba.mtapia.es\/wp-content\/uploads\/2025\/04\/La-del-Corral-300x283.jpg 300w, https:\/\/prueba.mtapia.es\/wp-content\/uploads\/2025\/04\/La-del-Corral-768x723.jpg 768w, https:\/\/prueba.mtapia.es\/wp-content\/uploads\/2025\/04\/La-del-Corral-600x565.jpg 600w\" sizes=\"(max-width: 773px) 100vw, 773px\" \/><\/figure><div class=\"elementor-image-box-content\"><h3 class=\"elementor-image-box-title\">Croquetas Gastrobar cajas de 48 unidades<\/h3><p class=\"elementor-image-box-description\">Delicadamente crujientes y doradas por su rebozado con pan PANKO, estas croquetas destacan por sus abundantes tropezones de pollo alimentado principalmente con cereales, cada bocado es una experiencia que resalta la calidad y el sabor aut\u00e9ntico.     Ingredientes Carne de pollo alimentado principalmente con cereales 43%<\/p><\/div><\/div>\t\t\t\t<\/div>\n\t\t\t\t<\/div>\n\t\t\t\t\t<\/div>\n\t\t\t\t<\/div>\n\t\t<div class=\"elementor-element elementor-element-571320d e-flex e-con-boxed e-con e-parent\" data-id=\"571320d\" data-element_type=\"container\" data-e-type=\"container\">\n\t\t\t\t\t<div class=\"e-con-inner\">\n\t\t\t\t<div class=\"elementor-element elementor-element-940ce19 elementor-position-left elementor-vertical-align-top elementor-widget elementor-widget-image-box\" data-id=\"940ce19\" data-element_type=\"widget\" data-e-type=\"widget\" data-widget_type=\"image-box.default\">\n\t\t\t\t<div class=\"elementor-widget-container\">\n\t\t\t\t\t<div class=\"elementor-image-box-wrapper\"><figure class=\"elementor-image-box-img\"><img loading=\"lazy\" decoding=\"async\" width=\"752\" height=\"800\" src=\"https:\/\/prueba.mtapia.es\/wp-content\/uploads\/2025\/04\/La-Iberica.jpg\" class=\"attachment-full size-full wp-image-626\" alt=\"\" srcset=\"https:\/\/prueba.mtapia.es\/wp-content\/uploads\/2025\/04\/La-Iberica.jpg 752w, https:\/\/prueba.mtapia.es\/wp-content\/uploads\/2025\/04\/La-Iberica-282x300.jpg 282w, https:\/\/prueba.mtapia.es\/wp-content\/uploads\/2025\/04\/La-Iberica-564x600.jpg 564w\" sizes=\"(max-width: 752px) 100vw, 752px\" \/><\/figure><div class=\"elementor-image-box-content\"><h3 class=\"elementor-image-box-title\">Croquetas Gastrobar cajas de 48 unidades<\/h3><p class=\"elementor-image-box-description\">Delicadamente crujientes y doradas por su rebozado con pan PANKO, estas croquetas destacan por sus abundantes tropezones que realzan su intenso sabor. Elaborada con tacos de paletilla ib\u00e9rica de bellota y jam\u00f3n ib\u00e9rico, cada bocado es una celebraci\u00f3n de la calidad y autenticidad de los sabores ib\u00e9ricos.  Ingredientes\nPaleta de bellota ib\u00e9rica 8% y jam\u00f3n de cebo ib\u00e9rico 7%<\/p><\/div><\/div>\t\t\t\t<\/div>\n\t\t\t\t<\/div>\n\t\t\t\t<div class=\"elementor-element elementor-element-7d98662 elementor-position-left elementor-vertical-align-top elementor-widget elementor-widget-image-box\" data-id=\"7d98662\" data-element_type=\"widget\" data-e-type=\"widget\" data-widget_type=\"image-box.default\">\n\t\t\t\t<div class=\"elementor-widget-container\">\n\t\t\t\t\t<div class=\"elementor-image-box-wrapper\"><figure class=\"elementor-image-box-img\"><img loading=\"lazy\" decoding=\"async\" width=\"1147\" height=\"1139\" src=\"https:\/\/prueba.mtapia.es\/wp-content\/uploads\/2025\/04\/Bunuelo-de-Bacalao.jpg\" class=\"attachment-full size-full wp-image-536\" alt=\"\" srcset=\"https:\/\/prueba.mtapia.es\/wp-content\/uploads\/2025\/04\/Bunuelo-de-Bacalao.jpg 1147w, https:\/\/prueba.mtapia.es\/wp-content\/uploads\/2025\/04\/Bunuelo-de-Bacalao-300x298.jpg 300w, https:\/\/prueba.mtapia.es\/wp-content\/uploads\/2025\/04\/Bunuelo-de-Bacalao-1024x1017.jpg 1024w, https:\/\/prueba.mtapia.es\/wp-content\/uploads\/2025\/04\/Bunuelo-de-Bacalao-150x150.jpg 150w, https:\/\/prueba.mtapia.es\/wp-content\/uploads\/2025\/04\/Bunuelo-de-Bacalao-768x763.jpg 768w, https:\/\/prueba.mtapia.es\/wp-content\/uploads\/2025\/04\/Bunuelo-de-Bacalao-600x596.jpg 600w\" sizes=\"(max-width: 1147px) 100vw, 1147px\" \/><\/figure><div class=\"elementor-image-box-content\"><h3 class=\"elementor-image-box-title\">Bu\u00f1uelos de Bacalao <\/h3><p class=\"elementor-image-box-description\">Cajas de 4x500gr<\/p><\/div><\/div>\t\t\t\t<\/div>\n\t\t\t\t<\/div>\n\t\t\t\t\t<\/div>\n\t\t\t\t<\/div>\n\t\t<div class=\"elementor-element elementor-element-1f5b58a e-flex e-con-boxed e-con e-parent\" data-id=\"1f5b58a\" data-element_type=\"container\" data-e-type=\"container\">\n\t\t\t\t\t<div class=\"e-con-inner\">\n\t\t\t\t<div class=\"elementor-element elementor-element-1b5490e elementor-position-left elementor-vertical-align-top elementor-widget elementor-widget-image-box\" data-id=\"1b5490e\" data-element_type=\"widget\" data-e-type=\"widget\" data-widget_type=\"image-box.default\">\n\t\t\t\t<div class=\"elementor-widget-container\">\n\t\t\t\t\t<div class=\"elementor-image-box-wrapper\"><figure class=\"elementor-image-box-img\"><img loading=\"lazy\" decoding=\"async\" width=\"1072\" height=\"690\" src=\"https:\/\/prueba.mtapia.es\/wp-content\/uploads\/2025\/04\/Canelon-Espinacas.jpg\" class=\"attachment-full size-full wp-image-538\" alt=\"\" srcset=\"https:\/\/prueba.mtapia.es\/wp-content\/uploads\/2025\/04\/Canelon-Espinacas.jpg 1072w, https:\/\/prueba.mtapia.es\/wp-content\/uploads\/2025\/04\/Canelon-Espinacas-300x193.jpg 300w, https:\/\/prueba.mtapia.es\/wp-content\/uploads\/2025\/04\/Canelon-Espinacas-1024x659.jpg 1024w, https:\/\/prueba.mtapia.es\/wp-content\/uploads\/2025\/04\/Canelon-Espinacas-768x494.jpg 768w, https:\/\/prueba.mtapia.es\/wp-content\/uploads\/2025\/04\/Canelon-Espinacas-600x386.jpg 600w\" sizes=\"(max-width: 1072px) 100vw, 1072px\" \/><\/figure><div class=\"elementor-image-box-content\"><h3 class=\"elementor-image-box-title\">Canelones de Espinacas price <\/h3><p class=\"elementor-image-box-description\">Caja de 100 unidades sin Bechamel<\/p><\/div><\/div>\t\t\t\t<\/div>\n\t\t\t\t<\/div>\n\t\t\t\t\t<\/div>\n\t\t\t\t<\/div>\n\t\t<div class=\"elementor-element elementor-element-2632939 e-flex e-con-boxed e-con e-parent\" data-id=\"2632939\" data-element_type=\"container\" data-e-type=\"container\">\n\t\t\t\t\t<div class=\"e-con-inner\">\n\t\t\t\t<div class=\"elementor-element elementor-element-24a86c5 elementor-position-left elementor-vertical-align-top elementor-widget elementor-widget-image-box\" data-id=\"24a86c5\" data-element_type=\"widget\" data-e-type=\"widget\" data-widget_type=\"image-box.default\">\n\t\t\t\t<div class=\"elementor-widget-container\">\n\t\t\t\t\t<div class=\"elementor-image-box-wrapper\"><figure class=\"elementor-image-box-img\"><img loading=\"lazy\" decoding=\"async\" width=\"1310\" height=\"877\" src=\"https:\/\/prueba.mtapia.es\/wp-content\/uploads\/2025\/02\/CRUNCHY-POLLO.jpg\" class=\"attachment-full size-full wp-image-481\" alt=\"\" srcset=\"https:\/\/prueba.mtapia.es\/wp-content\/uploads\/2025\/02\/CRUNCHY-POLLO.jpg 1310w, https:\/\/prueba.mtapia.es\/wp-content\/uploads\/2025\/02\/CRUNCHY-POLLO-300x201.jpg 300w, https:\/\/prueba.mtapia.es\/wp-content\/uploads\/2025\/02\/CRUNCHY-POLLO-1024x686.jpg 1024w, https:\/\/prueba.mtapia.es\/wp-content\/uploads\/2025\/02\/CRUNCHY-POLLO-768x514.jpg 768w, https:\/\/prueba.mtapia.es\/wp-content\/uploads\/2025\/02\/CRUNCHY-POLLO-600x402.jpg 600w\" sizes=\"(max-width: 1310px) 100vw, 1310px\" \/><\/figure><div class=\"elementor-image-box-content\"><h3 class=\"elementor-image-box-title\">Crunchy Pollo Priela Caja 3x1<\/h3><p class=\"elementor-image-box-description\">Crujientes bocados de pechuga de pollo marinada. Tiernos y jugosos por dentro, este Crunchy de Pollo es la elecci\u00f3n perfecta para disfrutar de momentos deliciosos. \n Ingredientes\nPechuga de pollo marinada 62%<\/p><\/div><\/div>\t\t\t\t<\/div>\n\t\t\t\t<\/div>\n\t\t\t\t<div class=\"elementor-element elementor-element-97070e9 elementor-position-left elementor-vertical-align-top elementor-widget elementor-widget-image-box\" data-id=\"97070e9\" data-element_type=\"widget\" data-e-type=\"widget\" data-widget_type=\"image-box.default\">\n\t\t\t\t<div class=\"elementor-widget-container\">\n\t\t\t\t\t<div class=\"elementor-image-box-wrapper\"><figure class=\"elementor-image-box-img\"><img loading=\"lazy\" decoding=\"async\" width=\"1536\" height=\"1086\" src=\"https:\/\/prueba.mtapia.es\/wp-content\/uploads\/2025\/04\/TWISTER-DE-LANGOSTINO.jpg\" class=\"attachment-full size-full wp-image-614\" alt=\"\" srcset=\"https:\/\/prueba.mtapia.es\/wp-content\/uploads\/2025\/04\/TWISTER-DE-LANGOSTINO.jpg 1536w, https:\/\/prueba.mtapia.es\/wp-content\/uploads\/2025\/04\/TWISTER-DE-LANGOSTINO-300x212.jpg 300w, https:\/\/prueba.mtapia.es\/wp-content\/uploads\/2025\/04\/TWISTER-DE-LANGOSTINO-1024x724.jpg 1024w, https:\/\/prueba.mtapia.es\/wp-content\/uploads\/2025\/04\/TWISTER-DE-LANGOSTINO-768x543.jpg 768w, https:\/\/prueba.mtapia.es\/wp-content\/uploads\/2025\/04\/TWISTER-DE-LANGOSTINO-600x424.jpg 600w\" sizes=\"(max-width: 1536px) 100vw, 1536px\" \/><\/figure><div class=\"elementor-image-box-content\"><h3 class=\"elementor-image-box-title\">Twister de Langostino<\/h3><p class=\"elementor-image-box-description\">Twister de Langostino elaborado con delicioso langostino vannamei cubierto de masa crujiente de harina en forma de cono.  El complemento perfecto para dipear con tu salsa favorita. Puede fre\u00edrse sin descongelar. Formato de 1kg con 45 piezas. <\/p><\/div><\/div>\t\t\t\t<\/div>\n\t\t\t\t<\/div>\n\t\t\t\t\t<\/div>\n\t\t\t\t<\/div>\n\t\t\t\t<\/div>\n\t\t","protected":false},"excerpt":{"rendered":"<p>Chile con Carne Nuestro chile con carne combina carne de primera calidad cocida a fuego lento con una mezcla de [&hellip;]<\/p>\n","protected":false},"author":1,"featured_media":0,"parent":0,"menu_order":0,"comment_status":"closed","ping_status":"closed","template":"","meta":{"site-sidebar-layout":"no-sidebar","site-content-layout":"","ast-site-content-layout":"full-width-container","site-content-style":"default","site-sidebar-style":"default","ast-global-header-display":"","ast-banner-title-visibility":"","ast-main-header-display":"","ast-hfb-above-header-display":"","ast-hfb-below-header-display":"","ast-hfb-mobile-header-display":"","site-post-title":"disabled","ast-breadcrumbs-content":"","ast-featured-img":"disabled","footer-sml-layout":"","ast-disable-related-posts":"","theme-transparent-header-meta":"","adv-header-id-meta":"","stick-header-meta":"","header-above-stick-meta":"","header-main-stick-meta":"","header-below-stick-meta":"","astra-migrate-meta-layouts":"default","ast-page-background-enabled":"default","ast-page-background-meta":{"desktop":{"background-color":"var(--ast-global-color-4)","background-image":"","background-repeat":"repeat","background-position":"center center","background-size":"auto","background-attachment":"scroll","background-type":"","background-media":"","overlay-type":"","overlay-color":"","overlay-opacity":"","overlay-gradient":""},"tablet":{"background-color":"","background-image":"","background-repeat":"repeat","background-position":"center center","background-size":"auto","background-attachment":"scroll","background-type":"","background-media":"","overlay-type":"","overlay-color":"","overlay-opacity":"","overlay-gradient":""},"mobile":{"background-color":"","background-image":"","background-repeat":"repeat","background-position":"center center","background-size":"auto","background-attachment":"scroll","background-type":"","background-media":"","overlay-type":"","overlay-color":"","overlay-opacity":"","overlay-gradient":""}},"ast-content-background-meta":{"desktop":{"background-color":"var(--ast-global-color-5)","background-image":"","background-repeat":"repeat","background-position":"center center","background-size":"auto","background-attachment":"scroll","background-type":"","background-media":"","overlay-type":"","overlay-color":"","overlay-opacity":"","overlay-gradient":""},"tablet":{"background-color":"var(--ast-global-color-5)","background-image":"","background-repeat":"repeat","background-position":"center center","background-size":"auto","background-attachment":"scroll","background-type":"","background-media":"","overlay-type":"","overlay-color":"","overlay-opacity":"","overlay-gradient":""},"mobile":{"background-color":"var(--ast-global-color-5)","background-image":"","background-repeat":"repeat","background-position":"center center","background-size":"auto","background-attachment":"scroll","background-type":"","background-media":"","overlay-type":"","overlay-color":"","overlay-opacity":"","overlay-gradient":""}},"two_page_speed":[],"footnotes":""},"class_list":["post-392","page","type-page","status-publish","hentry"],"yoast_head":"<!-- This site is optimized with the Yoast SEO plugin v27.4 - https:\/\/yoast.com\/product\/yoast-seo-wordpress\/ -->\n<title>Precocinados -<\/title>\n<meta name=\"robots\" content=\"index, follow, max-snippet:-1, max-image-preview:large, max-video-preview:-1\" \/>\n<link rel=\"canonical\" href=\"https:\/\/prueba.mtapia.es\/index.php\/precocinados\/\" \/>\n<meta property=\"og:locale\" content=\"es_ES\" \/>\n<meta property=\"og:type\" content=\"article\" \/>\n<meta property=\"og:title\" content=\"Precocinados -\" \/>\n<meta property=\"og:description\" content=\"Chile con Carne Nuestro chile con carne combina carne de primera calidad cocida a fuego lento con una mezcla de [&hellip;]\" \/>\n<meta property=\"og:url\" content=\"https:\/\/prueba.mtapia.es\/index.php\/precocinados\/\" \/>\n<meta property=\"article:modified_time\" content=\"2025-10-22T11:39:02+00:00\" \/>\n<meta property=\"og:image\" content=\"https:\/\/prueba.mtapia.es\/wp-content\/uploads\/2025\/10\/CHILE-CANVA.jpg\" \/>\n<meta name=\"twitter:card\" content=\"summary_large_image\" \/>\n<meta name=\"twitter:label1\" content=\"Tiempo de lectura\" \/>\n\t<meta name=\"twitter:data1\" content=\"3 minutos\" \/>\n<script type=\"application\/ld+json\" class=\"yoast-schema-graph\">{\"@context\":\"https:\\\/\\\/schema.org\",\"@graph\":[{\"@type\":\"WebPage\",\"@id\":\"https:\\\/\\\/prueba.mtapia.es\\\/index.php\\\/precocinados\\\/\",\"url\":\"https:\\\/\\\/prueba.mtapia.es\\\/index.php\\\/precocinados\\\/\",\"name\":\"Precocinados -\",\"isPartOf\":{\"@id\":\"https:\\\/\\\/prueba.mtapia.es\\\/#website\"},\"primaryImageOfPage\":{\"@id\":\"https:\\\/\\\/prueba.mtapia.es\\\/index.php\\\/precocinados\\\/#primaryimage\"},\"image\":{\"@id\":\"https:\\\/\\\/prueba.mtapia.es\\\/index.php\\\/precocinados\\\/#primaryimage\"},\"thumbnailUrl\":\"https:\\\/\\\/prueba.mtapia.es\\\/wp-content\\\/uploads\\\/2025\\\/10\\\/CHILE-CANVA.jpg\",\"datePublished\":\"2024-07-05T12:46:25+00:00\",\"dateModified\":\"2025-10-22T11:39:02+00:00\",\"breadcrumb\":{\"@id\":\"https:\\\/\\\/prueba.mtapia.es\\\/index.php\\\/precocinados\\\/#breadcrumb\"},\"inLanguage\":\"es\",\"potentialAction\":[{\"@type\":\"ReadAction\",\"target\":[\"https:\\\/\\\/prueba.mtapia.es\\\/index.php\\\/precocinados\\\/\"]}]},{\"@type\":\"ImageObject\",\"inLanguage\":\"es\",\"@id\":\"https:\\\/\\\/prueba.mtapia.es\\\/index.php\\\/precocinados\\\/#primaryimage\",\"url\":\"https:\\\/\\\/prueba.mtapia.es\\\/wp-content\\\/uploads\\\/2025\\\/10\\\/CHILE-CANVA.jpg\",\"contentUrl\":\"https:\\\/\\\/prueba.mtapia.es\\\/wp-content\\\/uploads\\\/2025\\\/10\\\/CHILE-CANVA.jpg\",\"width\":500,\"height\":500},{\"@type\":\"BreadcrumbList\",\"@id\":\"https:\\\/\\\/prueba.mtapia.es\\\/index.php\\\/precocinados\\\/#breadcrumb\",\"itemListElement\":[{\"@type\":\"ListItem\",\"position\":1,\"name\":\"Portada\",\"item\":\"https:\\\/\\\/prueba.mtapia.es\\\/\"},{\"@type\":\"ListItem\",\"position\":2,\"name\":\"Precocinados\"}]},{\"@type\":\"WebSite\",\"@id\":\"https:\\\/\\\/prueba.mtapia.es\\\/#website\",\"url\":\"https:\\\/\\\/prueba.mtapia.es\\\/\",\"name\":\"\",\"description\":\"mtapia.es\",\"potentialAction\":[{\"@type\":\"SearchAction\",\"target\":{\"@type\":\"EntryPoint\",\"urlTemplate\":\"https:\\\/\\\/prueba.mtapia.es\\\/?s={search_term_string}\"},\"query-input\":{\"@type\":\"PropertyValueSpecification\",\"valueRequired\":true,\"valueName\":\"search_term_string\"}}],\"inLanguage\":\"es\"}]}<\/script>\n<!-- \/ Yoast SEO plugin. -->","yoast_head_json":{"title":"Precocinados -","robots":{"index":"index","follow":"follow","max-snippet":"max-snippet:-1","max-image-preview":"max-image-preview:large","max-video-preview":"max-video-preview:-1"},"canonical":"https:\/\/prueba.mtapia.es\/index.php\/precocinados\/","og_locale":"es_ES","og_type":"article","og_title":"Precocinados -","og_description":"Chile con Carne Nuestro chile con carne combina carne de primera calidad cocida a fuego lento con una mezcla de [&hellip;]","og_url":"https:\/\/prueba.mtapia.es\/index.php\/precocinados\/","article_modified_time":"2025-10-22T11:39:02+00:00","og_image":[{"url":"https:\/\/prueba.mtapia.es\/wp-content\/uploads\/2025\/10\/CHILE-CANVA.jpg","type":"","width":"","height":""}],"twitter_card":"summary_large_image","twitter_misc":{"Tiempo de lectura":"3 minutos"},"schema":{"@context":"https:\/\/schema.org","@graph":[{"@type":"WebPage","@id":"https:\/\/prueba.mtapia.es\/index.php\/precocinados\/","url":"https:\/\/prueba.mtapia.es\/index.php\/precocinados\/","name":"Precocinados -","isPartOf":{"@id":"https:\/\/prueba.mtapia.es\/#website"},"primaryImageOfPage":{"@id":"https:\/\/prueba.mtapia.es\/index.php\/precocinados\/#primaryimage"},"image":{"@id":"https:\/\/prueba.mtapia.es\/index.php\/precocinados\/#primaryimage"},"thumbnailUrl":"https:\/\/prueba.mtapia.es\/wp-content\/uploads\/2025\/10\/CHILE-CANVA.jpg","datePublished":"2024-07-05T12:46:25+00:00","dateModified":"2025-10-22T11:39:02+00:00","breadcrumb":{"@id":"https:\/\/prueba.mtapia.es\/index.php\/precocinados\/#breadcrumb"},"inLanguage":"es","potentialAction":[{"@type":"ReadAction","target":["https:\/\/prueba.mtapia.es\/index.php\/precocinados\/"]}]},{"@type":"ImageObject","inLanguage":"es","@id":"https:\/\/prueba.mtapia.es\/index.php\/precocinados\/#primaryimage","url":"https:\/\/prueba.mtapia.es\/wp-content\/uploads\/2025\/10\/CHILE-CANVA.jpg","contentUrl":"https:\/\/prueba.mtapia.es\/wp-content\/uploads\/2025\/10\/CHILE-CANVA.jpg","width":500,"height":500},{"@type":"BreadcrumbList","@id":"https:\/\/prueba.mtapia.es\/index.php\/precocinados\/#breadcrumb","itemListElement":[{"@type":"ListItem","position":1,"name":"Portada","item":"https:\/\/prueba.mtapia.es\/"},{"@type":"ListItem","position":2,"name":"Precocinados"}]},{"@type":"WebSite","@id":"https:\/\/prueba.mtapia.es\/#website","url":"https:\/\/prueba.mtapia.es\/","name":"","description":"mtapia.es","potentialAction":[{"@type":"SearchAction","target":{"@type":"EntryPoint","urlTemplate":"https:\/\/prueba.mtapia.es\/?s={search_term_string}"},"query-input":{"@type":"PropertyValueSpecification","valueRequired":true,"valueName":"search_term_string"}}],"inLanguage":"es"}]}},"_links":{"self":[{"href":"https:\/\/prueba.mtapia.es\/index.php\/wp-json\/wp\/v2\/pages\/392","targetHints":{"allow":["GET"]}}],"collection":[{"href":"https:\/\/prueba.mtapia.es\/index.php\/wp-json\/wp\/v2\/pages"}],"about":[{"href":"https:\/\/prueba.mtapia.es\/index.php\/wp-json\/wp\/v2\/types\/page"}],"author":[{"embeddable":true,"href":"https:\/\/prueba.mtapia.es\/index.php\/wp-json\/wp\/v2\/users\/1"}],"replies":[{"embeddable":true,"href":"https:\/\/prueba.mtapia.es\/index.php\/wp-json\/wp\/v2\/comments?post=392"}],"version-history":[{"count":43,"href":"https:\/\/prueba.mtapia.es\/index.php\/wp-json\/wp\/v2\/pages\/392\/revisions"}],"predecessor-version":[{"id":793,"href":"https:\/\/prueba.mtapia.es\/index.php\/wp-json\/wp\/v2\/pages\/392\/revisions\/793"}],"wp:attachment":[{"href":"https:\/\/prueba.mtapia.es\/index.php\/wp-json\/wp\/v2\/media?parent=392"}],"curies":[{"name":"wp","href":"https:\/\/api.w.org\/{rel}","templated":true}]}}